2 - 17*u + 957. What is v(-43)?
-161
Let f(d) = 4*d + 163. Give f(-34).
27
Let h(s) = s**3 + 3*s**2 - 3*s - 1. What is h(-6)?
-91
Let n(v) = 101*v - 297. Determine n(3).
6
Let h(c) = -c**2 - 795*c - 2375. Give h(-3).
1
Let p(m) = 9*m - 457. Determine p(41).
-88
Let q(a) = -a**2 - 65*a - 647. What is q(-52)?
29
Let h(b) = -4*b**2 - 78*b - 366. What is h(-12)?
-6
Let c(x) = -x**2 + 1943*x - 13550. Give c(7).
2
Let q(u) = 392*u - 11774. What is q(30)?
-14
Let w(q) = -q**3 - 9*q**2 + 15*q - 14. Determine w(-11).
63
Let c(l) = -310*l + 5916. Determine c(19).
26
Let p(z) = z**3 - 26*z**2 - 22*z + 49. What is p(27)?
184
Let k(g) = -g**3 - 48*g**2 - 47*g + 48. What is k(-47)?
48
Let x(q) = -q**3 + 3*q**2 + 7. Determine x(3).
7
Let a(w) = -3*w**3 - 92*w**2 + 143*w + 7. Determine a(-32).
-473
Let d(m) = -m**3 - 2*m**2 + 88*m - 13. Determine d(-11).
108
Let d(r) = -37*r - 901. Calculate d(-25).
24
Let v(w) = -w**2 + 13*w + 406. Give v(-12).
106
Let r(b) = -1027*b + 1796. Give r(2).
-258
Let g(l) = -6*l + 72. Give g(10).
12
Let y(d) = 90*d - 790. What is y(10)?
110
Let h(n) = n**3 + 19*n**2 - 6*n - 687. Determine h(-17).
-7
Let i(g) = -g**3 + 11*g**2 - 85*g + 593. Calculate i(9).
-10
Let n(i) = 61*i + 802. What is n(-13)?
9
Let r(x) = 1018*x - 5039. Give r(5).
51
Let y(s) = -8*s - 78. Calculate y(7).
-134
Let j(m) = 77*m - 147. Determine j(2).
7
Let x(r) = -4*r**3 + 230*r**2 - 112*r - 108. Give x(57).
6
Let m(w) = -2*w**3 - 3*w**2 - 14*w + 8. Calculate m(5).
-387
Let x(r) = r**3 - 32*r**2 + 214*r + 138. Calculate x(22).
6
Let x(c) = 17*c - 6. Determine x(4).
62
Let q(l) = 1066*l + 287818. Give q(-270).
-2
Let i(u) = 2*u**2 + 484*u + 22561. Determine i(-179).
7
Let g(z) = -z**3 + 8*z**2 + 37*z - 34. Determine g(11).
10
Let n(y) = -2*y**2 - 291*y - 2837. Determine n(-135).
-2
Let d(u) = -3*u**3 - 15*u**2 + 19*u + 17. Calculate d(-6).
11
Let u(w) = 2*w**3 + 62*w**2 - 130*w - 3. Calculate u(-33).
-69
Let w(m) = 15*m + 588. What is w(-32)?
108
Let v(f) = f**3 - 23*f**2 - 15*f + 44. Determine v(23).
-301
Let i(m) = m**3 + 55*m**2 - m - 44. Give i(-55).
11
Let y(k) = -70*k + 108. Calculate y(-4).
388
Let x(u) = 21*u + 1207. Calculate x(-58).
-11
Let i(k) = -k**2 - 38*k - 242. Calculate i(-8).
-2
Let f(r) = -73*r**2 + 206*r - 14. Give f(3).
-53
Let i(t) = -6071*t - 6071. What is i(-1)?
0
Let c(q) = 2*q**2 - 64*q - 451. Give c(-6).
5
Let i(w) = w**3 + 25*w**2 - 58*w - 10. Give i(3).
68
Let s(y) = -y**2 - 39*y - 370. Give s(-13).
-32
Let q(h) = -260*h - 943. Calculate q(-4).
97
Let y(q) = 21*q**2 - 19*q - 1. What is y(2)?
45
Let d(i) = -i**3 - 13*i**2 - 22*i - 784. Calculate d(-15).
-4
Let k(o) = -98*o + 2780. Give k(28).
36
Let a(w) = -w**3 + 15*w + 39. What is a(0)?
39
Let i(j) = j**3 - 9*j**2 - 81*j - 45. What is i(-5)?
10
Let t(i) = -335*i + 16423. Give t(49).
8
Let p(w) = -w**2 - 183*w - 559. Give p(-3).
-19
Let q(j) = -170*j + 633. Give q(5).
-217
Let j(o) = 43*o**3 - 5*o**2 - 8*o + 7. Calculate j(-2).
-341
Let m(v) = v**2 - 19*v - 17. Give m(0).
-17
Let b(l) = l**3 - 87*l**2 + 331*l + 49. What is b(83)?
-34
Let x(h) = 6*h**3 + 83*h**2 - 25*h - 139. Give x(-14).
15
Let r(w) = -w**2 - 105*w + 2201. What is r(18)?
-13
Let q(t) = 763*t - 12199. Determine q(16).
9
Let k(u) = u**3 - 23*u**2 - 5*u + 17. Give k(23).
-98
Let x(c) = 24*c + 511. What is x(-21)?
7
Let l(g) = g**2 + 27*g + 71. Calculate l(-16).
-105
Let r(t) = t**2 - 1176*t - 3543. Determine r(-3).
-6
Let d(l) = 23*l - 159. What is d(7)?
2
Let l(g) = -7*g**2 + 57*g - 8. Calculate l(9).
-62
Let b(v) = -56*v + 33. Determine b(-3).
201
Let m(o) = 34*o + 954. Give m(-27).
36
Let o(g) = -13*g + 147. Give o(9).
30
Let s(i) = i**3 - 45*i**2 - 152*i + 64. What is s(48)?
-320
Let t(b) = 146*b + 1404. What is t(-8)?
236
Let p(k) = k**3 + k**2 + 17*k - 62. Give p(3).
25
Let t(w) = 117*w + 87. Calculate t(-7).
-732
Let m(q) = 18*q + 40. Give m(-8).
-104
Let a(i) = -9*i**2 - 404*i + 48. What is a(-45)?
3
Let h(k) = -93*k - 2510. Calculate h(-27).
1
Let f(o) = -98*o**2 + 1470*o - 15. Calculate f(15).
-15
Let w(u) = 2*u**3 - 112*u**2 - 115*u + 190. Determine w(57).
133
Let z(k) = k**2 + k - 749. What is z(-28)?
7
Let g(x) = 45*x - 15. Give g(-6).
-285
Let n(z) = -10*z + 173. What is n(19)?
-17
Let d(h) = h**2 + 28*h - 5. Give d(-23).
-120
Let j(w) = 2*w**3 - 33*w**2 - 9*w + 10. What is j(17)?
146
Let x(c) = 2986*c + 2986. What is x(-1)?
0
Let m(x) = -7*x**2 - 17*x - 24. Calculate m(-6).
-174
Let q(k) = -21*k - 185. Determine q(-26).
361
Let h(s) = s**3 + 77*s**2 + 310*s + 1307. Give h(-73).
-7
Let k(w) = -17*w**3 - 4*w**2 - 3. Give k(-3).
420
Let u(h) = 92*h - 1022. Calculate u(11).
-10
Let i(z) = 4*z**2 + 91*z - 86. Calculate i(-25).
139
Let h(p) = -4*p**3 - 17*p**2 + 122. Calculate h(-7).
661
Let n(y) = -6839*y + 2. Determine n(0).
2
Let n(u) = -u**2 + 121*u - 235. What is n(2)?
3
Let p(b) = 33*b - 2041. Determine p(61).
-28
Let u(d) = 4*d**2 - 82*d + 314. Determine u(4).
50
Let y(n) = -n**3 + 28*n**2 + 37*n - 281. Give y(29).
-49
Let m(c) = -169*c + 610. What is m(4)?
-66
Let a(h) = h**2 + 18*h + 47. Calculate a(-11).
-30
Let a(z) = -z**3 - 50*z**2 - 2*z - 57. Give a(-50).
43
Let b(z) = 4593*z + 4594. Determine b(-1).
1
Let s(z) = -z**2 + 14*z + 53. Calculate s(18).
-19
Let h(s) = 9*s**2 + 70*s + 47. Calculate h(-7).
-2
Let r(s) = -4*s**2 + 51*s + 69. Give r(14).
-1
Let m(o) = -414*o - 4130. Calculate m(-10).
10
Let z(t) = -3*t - 96. Calculate z(19).
-153
Let f(a) = 2*a**2 - 45*a - 134. Give f(22).
-156
Let z(g) = g**3 + 19*g**2 + 88*g + 68. Determine z(-11).
68
Let r(k) = 8*k**3 - 21*k**2 - 10*k. Calculate r(3).
-3
Let f(c) = 18*c - 167. What is f(10)?
13
Let m(k) = 16*k**3 + 18*k**2 - 55*k + 13. Calculate m(3).
442
Let f(s) = -s**2 - 43*s - 155. Determine f(-15).
265
Let s(a) = -21*a - 66. Give s(-2).
-24
Let b(a) = -7*a**2 - 678*a + 3558. Determine b(5).
-7
Let u(o) = -o**2 - 1868*o + 20670. Calculate u(11).
1
Let a(m) = m + 83. Determine a(-10).
73
Let q(w) = -w**3 - 18*w**2 + w - 20. What is q(-18)?
-38
Let l(i) = -522*i - 5744. What is l(-11)?
-2
Let d(j) = -j**3 - 4*j**2 + 6*j + 29. Calculate d(-4).
5
Let b(h) = 2*h**2 - 54*h - 830. Determine b(-11).
6
Let z(c) = -c**3 - 151*c**2 - 2724*c + 117. What is z(-21)?
-9
Let z(x) = -36*x + 226. Give z(10).
-134
Let b(n) = 130*n + 3776. Calculate b(-29).
6
Let z(k) = k**3 - 7*k**2 - 17*k + 85. Give z(10).
215
Let n(s) = s**3 + 80*s**2 + 814*s - 140. Calculate n(-68).
-4
Let s(p) = p**2 - 18*p + 90. Give s(13).
25
Let y(t) = t**2 - 69*t + 539. Give y(52).
-345
Let y(z) = 12*z**2 + 207*z + 79. Give y(-17).
28
Let b(c) = c**2 - 28*c - 2504. Determine b(-38).
4
Let n(f) = -8*f**2 + 65*f + 420. Determine n(-7).
-427
Let x(d) = 42*d - 2274. Determine x(54).
-6
Let a(i) = -21*i**2 - 14*i + 2. What is a(-1)?
-5
Let w(m) = -m**3 - 42*m**2 - 2*m - 3. Give w(0).
-3
Let w(k) = -1743*k + 10454. Calculate w(6).
-4
Let j(i) = 280*i + 2263. Calculate j(-8).
23
Let s(w) = w**2 + 52*w + 411. What is s(-42)?
-9
Let c(p) = 4*p**3 - 103*p**2 - 33*p + 163. Calculate c(26).
-19
Let i(h) = -13*h**2 - 432*h - 1164. What is i(-3)?
15
Let f(p) = 72*p - 199. What is f(3)?
17
Let k(s) = -2*s**3 + 36*s**2 + 3*s + 13. Determine k(6).
895
Let i(b) = 2*b**2 + 25*b - 169. Determine i(-17).
-16
Let f(y) = y**2 + 166*y - 16213. Give f(-235).
2
Let d(p) = -17*p + 60. What is d(-2)?
94
Let y(w) = 7060*w - 7051. Determine y(1).
9
Let j(u) = -6*u**3 + 21*u**2 - 10*u - 4. Give j(3).
-7
Let n(f) = f**2 - 49*f - 1566. Give n(-22).
-4
Let b(g) = 20*g**2 - 14*g + 7. What is b(2)?
59
Let z(r) = r**3 + 7*r**2 - 378*r + 168. Calculate z(16).
8
Let m(a) = 2*a**3 - 24*a**2 - 5*a + 2. What is m(12)?
-58
Let x(q) = -4*q**2 - 129*q - 963. What is x(-12)?
9
Let k(u) = u**3 + 30*u**2 + 68*u - 154. Calculate k(-27).
197
Let c(y) = 3*y**2 - 539*y - 823. Calculate c(181).
-99
Let y(k) = -513*k + 1066. What is y(2)?
40
Let i(u) = u**2 - 2*u - 3602. What is i(-59)?
-3
Let r(j) = 12*j**2 + 234*j + 52. What is r(-19)?
-62
Let t(k) = 6*k + 105. What is t(-20)?
-15
Let s(o) = o**2 + 65*o - 3250. Determine s(-98).
-16
Let p(n) = 12*n + 185. Determine p(-19).
-43
Let i(v) = -101*v + 299. Give i(3).
-4
Let d(y) = y**3 - 21*y**2 - 13*y - 50. Calculate d(22).
148
Let n(w) = -2*w + 207. Calculate n(14).
179
Let m(u) = -u**3 + 6*u*